*2 + 3. Let y be i(0). Let c = y + -5. Let x = c - -3. Determine r(x).
6
Let p(x) be the first derivative of 1/4*x**4 - 5/2*x**2 + x**3 + 3*x + 4. Let r be -1*3 - (0 - -1). What is p(r)?
7
Suppose 3*i - 4*v + 0*v = 147, 0 = -2*i + 2*v + 96. Let b be (8/(-10))/((-18)/i). Let a(d) = 2*d**2 - 6*d**2 + 5*d**b - 4*d + 2 + 0. Give a(3).
-1
Suppose -4*o = -2*w - 10, -w + o + 11 = 3*o. Let y(s) = 9 - 2*s**w + 3*s**2 + 2*s**3 - 4*s**2 + s**3. Suppose -4*d = -12, 2*d - 6 = -4*v + 8*v. Calculate y(v).
9
Let m(k) = -6*k**2 + 5*k + 3. Let q(l) = -l**2 + l + 1. Let c(d) = -m(d) + 4*q(d). Give c(1).
2
Suppose 6 = 3*u - 4*u. Let w be (15/5)/(3/4). Let k be 42/(-18) + w/u. Let i(p) = p**3 + 3*p**2 - 2*p - 3. What is i(k)?
3
Suppose -r + 20 = -5*r. Let y(c) = -c - 11. Let u be y(r). Let d(n) = 11*n**2 + 5 + 7*n + n**2 - 5*n**2 + n**3. Determine d(u).
-1
Let p(d) = 2*d - 4. Suppose 2*l = -l. Let x = -9 + 24. Suppose -5*a + 10 + x = l. Give p(a).
6
Let k(h) = h - 4. Let n = 9 + -6. Calculate k(n).
-1
Let l(i) = 2 + 2 - 3 - 2*i. Let x = 2 + 0. What is l(x)?
-3
Let u(m) be the third derivative of -m**6/120 - m**5/30 + m**4/8 - m**3/3 - 2*m**2. What is u(2)?
-12
Let b(l) = -l**2 + 1. Let n be ((-5)/(-15))/((-1)/(-6)). What is b(n)?
-3
Let g(k) = k. Let s(f) = -f - 3. Let v(z) = -z - 4. Let b(r) = 7*s(r) - 5*v(r). Let q(h) = -3*b(h) - 7*g(h). What is q(-5)?
8
Let v(o) = 7*o + 1. Suppose -2*m = m - w + 5, -w = -m - 3. What is v(m)?
-6
Let g(d) = d + 4. Suppose h + q - 2 = -2*q, 4*h - 8 = -q. Let o be (-1)/(h/4) - 0. Determine g(o).
2
Suppose -u - 2*u = -3. Let l(x) = 5*x - 4 + u - 4*x. What is l(-3)?
-6
Let g(w) = -18*w - 11*w + 48*w - 1 - 18*w. What is g(7)?
6
Let t = -11 - -9. Let s(i) = -i. Let y(g) = -g**2 + g + 1. Let h(n) = t*y(n) - 5*s(n). What is h(2)?
12
Let k(l) = 3*l**3 + 17*l**2 + 14*l - 5. Let u(x) = -x**3 - 6*x**2 - 5*x + 2. Suppose -d = -5 - 3. Let q(g) = d*u(g) + 3*k(g). Calculate q(-2).
1
Let m(w) = -w**3 + 2*w**2 + 2*w + 1. Suppose 2*x - 1 = o + 4, -3*x = o - 10. Suppose -5*g - o + 16 = 0. What is m(g)?
-2
Let r(s) = 27*s**2 + 17*s - 13. Let a(j) = 7*j**2 + 4*j - 3. Let k(h) = 9*a(h) - 2*r(h). What is k(1)?
10
Let p(w) be the first derivative of -2*w**3/3 - 2*w**2 - 2*w - 24. Suppose 3 + 3 = -c - 2*s, 0 = s + 3. Suppose j + 2 = -c*j. Determine p(j).
-2
Let s = 18 + -1. Suppose s = -k + 19. Let r(g) = 2*g + 2. Calculate r(k).
6
Let o(z) be the second derivative of -z**4/12 + z**3/6 - 5*z**2/2 - 8*z. Calculate o(0).
-5
Let u = -155 + 152. Let m(d) be the second derivative of d**5/20 + d**4/3 + d**3/3 - d**2 - d. Give m(u).
1
Let m = -4 + 7. Let f(c) = -m*c + 0*c - 2*c. Calculate f(1).
-5
Let a(n) = 1 + 4*n**3 - 3 - 5*n**3 - 4*n**2 - 5*n. Let s(x) = -x**2 - 7*x - 9. Let m be s(-6). What is a(m)?
4
Let k(p) = -p**2 + 6*p - 2. Let h(f) = -2*f**2 + 13*f - 5. Let v(j) = 4*h(j) - 9*k(j). Determine v(3).
1
Let k(t) = -t + 9. Let a = 5 + 1. Let l be k(a). Let x(g) = -3*g**2 + g - 2*g**l + g - 5*g. Give x(-2).
10
Let z(d) be the second derivative of d**4/12 + 2*d**3/3 + 3*d**2/2 - 2*d. Calculate z(-6).
15
Let c = -3 + 4. Let t(y) = 1. Let v(h) = 3*h**2 - 3*h + 3. Let q(b) = c*v(b) - 2*t(b). Let n be (2/(-4))/(3/(-12)). What is q(n)?
7
Let s(k) = 0 + 10*k**3 + 7*k - 9*k**3 - 1 - 2*k**2 - 9*k. Determine s(-2).
-13
Let x(r) = -r - 6. Let f(p) = p**2 - 1. Let m = 2 - 3. Let o be f(m). What is x(o)?
-6
Suppose 2*p = -3 + 15. Let k(g) = -6*g**2 - g + 7. Let u(t) = 7*t**2 + t - 8. Let c(r) = p*k(r) + 5*u(r). Let f(s) = -2*s + 9. Let w be f(6). What is c(w)?
-4
Let t(f) = 37*f**3 + 13*f**2 + 6*f - 4. Let r(x) = -12*x**3 - 4*x**2 - 2*x + 1. Let q(o) = 7*r(o) + 2*t(o). What is q(-1)?
9
Let a(s) = -s**3 + 2*s + 1. Let c be 6 + -1 + 6/(-2). What is a(c)?
-3
Suppose -2*j = -2*g - 2, 3 = j - 5*g - 6. Let v be ((-4)/14)/(j/7). Let z(m) be the first derivative of -m**3/3 - m**2/2 - m + 3. What is z(v)?
-7
Suppose 0 = 4*b - 5*b - 1. Suppose -8 = -2*i + 4. Let m(f) = 6*f**2 - 7*f - 6. Let h(p) = 6*p**2 - 6*p - 5. Let x(l) = i*h(l) - 5*m(l). Calculate x(b).
7
Let z(b) = b**3 - 6*b**2 + 4*b - 9. Suppose 2*n + 3 = 15. Determine z(n).
15
Let o(s) = -2*s - 6. Let z(y) = -5*y - 13. Let b(q) = 7*o(q) - 3*z(q). Determine b(2).
-1
Let g(b) be the third derivative of b**6/60 + b**5/60 - 7*b**2. Suppose 0 = -5*f + m + 2*m + 3, -4*f - 2*m = -20. Suppose -1 - 2 = -f*z. What is g(z)?
3
Let m(k) = -3*k + 23. Let y be m(6). Let s(t) = -t**2 + 6*t - 7. Calculate s(y).
-2
Suppose 3*l = 4*g - 32, -2*l + 6 - 24 = -2*g. Let b = l - -6. Let r(u) = 5*u - 4*u + b - 7. Calculate r(3).
-2
Let v(i) = i - 3. Let d be 117/27 - (-2)/3. Determine v(d).
2
Let a(w) = -3*w**3 + w - 2. Let t(i) = 2*i**3 + i**2 + 3. Let d(c) = -3*a(c) - 4*t(c). Calculate d(5).
4
Suppose -m = -5 + 1. Suppose -m*c = -60 + 8. Suppose -q + j = -0*q + 6, -2*q - 3*j = -c. Let z(w) = 2*w. Give z(q).
-2
Let r(y) = y**2 + 5*y - 2. Let h = -90 + 87. Determine r(h).
-8
Let h(c) = -c**2 + 6*c + 3. Let i be h(6). Let t(o) = 4*o + 20 - 20 - 5*o. What is t(i)?
-3
Let a(v) = v**3 - 7*v**2 + 6*v + 3. Let d be a(6). Let h = d + 2. Let i(j) = j - 3. Determine i(h).
2
Let x(j) = -6*j**2 + 6*j**2 - j**2. Calculate x(-1).
-1
Suppose -2*m + 7 - 1 = 0. Let v(i) = -i + 4. Calculate v(m).
1
Suppose 0 = -4*v + 3 + 5. Suppose 0 = v*u - 3*l + 9, 5*l - l - 4 = 0. Let k be -3 + (-1 - 0/u). Let t(b) = -2*b + 3. Calculate t(k).
11
Let q(p) = 3*p**3 + 2*p**2 + 2*p + 1. Let m be q(-1). Let r(y) be the first derivative of -1/3*y**3 + 0*y**2 - 7 + y. What is r(m)?
-3
Let b(c) = -4*c**3 + 5*c**2 - 5*c - 3. Let s(d) = 6*d**3 - 7*d**2 + 7*d + 4. Let w(k) = -7*b(k) - 5*s(k). Suppose -4*u = -2*u - 2. Give w(u).
-1
Let n be 1/2*-4 - 0. Let s(f) be the first derivative of -f**5/20 - f**4/6 + f**3/6 + f**2/2 - f + 1. Let u(d) be the first derivative of s(d). Determine u(n).
-1
Let b(g) = g**2 + 3*g - 5. Let j be (-69)/15 + 3/5. Calculate b(j).
-1
Let l(w) be the first derivative of w**5/20 + w**4/12 + 3*w + 3. Let z(r) be the first derivative of l(r). Give z(-2).
-4
Let g be 20/(-25)*5/(-2). Suppose g + 1 = x. Let v(j) = -j**2 + 3*j - 1. Give v(x).
-1
Let n(d) = -29 + 2*d + 16 - 8*d + 14. Give n(-1).
7
Suppose 3*o - 2*z = o + 20, -18 = -o + 3*z. Let m(c) = -3*c**2 - 7*c - 16. Let n(b) = b**2 + 4*b + 8. Let q(j) = -2*m(j) - 5*n(j). Give q(o).
-8
Let c be (0 - 1) + 1 + 0. Let l(u) = u**2 + 6*u + c*u**2 - 1 + 4. Let o be l(-2). Let k(w) = -w**2 - 4*w - 2. Calculate k(o).
-7
Let i(j) = j**3 + 3*j**2 - 5*j - 1. Let g be i(-4). Let c(a) = -5*a + 2 + 1 - a + 4*a**2 + 3*a - a**g. Calculate c(3).
3
Let u(b) = 2*b**3 + 3*b**2 + 2*b + 2. Suppose 0 = -32*h + 36*h + 8. What is u(h)?
-6
Suppose 2*i = 4 - 0. Let o(w) = 2*w**2 - 2*w + 1. Let t be o(i). Let f(m) = -t*m - 4 + 2*m - 2. Calculate f(-4).
6
Suppose 4*c + 4 = 5*c. Suppose c*o + 10 + 6 = 0. Let j(k) be the first derivative of -k**3/3 - k**2 + 2*k + 5. Give j(o).
-6
Let t(m) = -m**3 - 3*m**2 + 6*m + 6. Let s be (-1 + 3/2)*12. Let f be 7 + (4 - (-3 + 7)). Suppose 0 = f*l - s*l + 4. Calculate t(l).
-2
Let s(v) be the second derivative of v**7/420 + v**6/180 - v**5/40 - v**4/8 + v**3/3 + 6*v. Let o(z) be the second derivative of s(z). Calculate o(-2).
-5
Let b(l) be the first derivative of -l**2 + 5*l - 11. Determine b(5).
-5
Suppose -4*s - 2 = -p + 4*p, -3*p + 2 = 2*s. Suppose f = -0*f + h - 3, p*f = -h - 9. Let t(w) = -4*w - 1. Give t(f).
15
Let t be 4/((1 + 0)*-1). Let x(z) = 2*z**2 + 6*z + 1. Let s(a) = -7 - 3*a - 5*a**2 + 6 + 4*a**2. Let d(m) = 5*s(m) + 3*x(m). Calculate d(t).
2
Let q(w) = -2*w + 1. Let o(u) = -u + 1. Let m(c) = 7*o(c) - 3*q(c). Determine m(0).
4
Suppose -r = 4 - 14. Let q(k) = k - 11. Give q(r).
-1
Let v = 38/3 + -34/3. Let w(m) be the first derivative of 2 + 0*m - 1/2*m**4 - m**2 + v*m**3. What is w(2)?
-4
Let l(x) = x**2 + 7*x + 3. Let y(r) = r**3 - 6*r**2 - 6*r. Let c(o) = -2*o - 3. Let s be c(-5). Let p be y(s). Let d = 2 - p. Determine l(d).
-7
Let v(b) be the second derivative of -b**6/120 - b**5/15 - b**4/12 + b**3/2 - 3*b**2/2 + 4*b. Let a(z) be the first derivative of v(z). Calculate a(-3).
0
Let c be 60/(-15)*5/4. Let n(q) = -q**2 - 2*q + 4. Give n(c).
-11
Let k(d) = -d**2 + 4. Suppose -3*r - 2*r + 75 = 0. Suppose r = -5*t - 15. Let u be (0 + 0)*t/18. What is k(u)?
4
Let q(o) be the first derivativ